*w + 7. Let o be q(5). Suppose h + 73 = 5*d - 66, -3*d + 5*h = -79. Calculate the highest common divisor of o and d.
14
Let p(x) = 17*x + 4. Let b be p(1). Suppose 0 = 5*i - 3*s - 72, b + 15 = 2*i - 3*s. What is the greatest common divisor of 12 and i?
12
Let t(v) = -v**3 - 8*v**2 - 4*v + 6. Let j be t(-7). Let x be 2/(-4)*(-2 - -2). Let g = x - j. Calculate the highest common divisor of 5 and g.
5
Let w be (-14)/(12/9 + -2). Let y = w + -3. Let t be -1 + y - (-45)/(-15). Calculate the greatest common factor of t and 70.
14
Let i = -40 - -68. Let q = -25 - -333. What is the highest common factor of i and q?
28
Let s(c) = 46*c**3 - c**2 + c - 1. Suppose -w = 4*q, 4*w + 0*w = -16. Let p be s(q). Let z = -30814 - -30829. What is the highest common divisor of z and p?
15
Suppose -4*i - 154 = -l, 2*i - 31 = -l + 111. Let d = -11 + l. Let h = -22 + 37. What is the greatest common divisor of d and h?
15
Let t = -2 + 11. Let n(b) = b**2 - 10*b + 11. Let p be n(t). Suppose -23 + 71 = p*q. What is the highest common factor of 60 and q?
12
Let r = 20 + -13. Suppose 6*y - r*y = -36. Let w be y/3 + (-2)/2. Calculate the greatest common divisor of w and 33.
11
Let y = 0 + 0. Suppose 4*d - 107 + 3 = y. Suppose a = -2 + d. What is the highest common factor of 16 and a?
8
Let q(g) = -12*g**2 + 205*g + 35. Let w be q(17). What is the highest common factor of 1664 and w?
52
Suppose -5*s + 210 = -5*i, -4*s = -7*i + 2*i - 165. Let j be -4 + 8 - 23 - -4. Let k = j - -33. Calculate the highest common factor of k and s.
9
Let k(h) = -24*h**2 - 3*h + 7. Let l be k(2). Let m = -73 - l. Calculate the highest common divisor of 44 and m.
22
Suppose 10*r = 90*r - 4000. Let i = 31 - 11. Calculate the greatest common factor of i and r.
10
Let z be (-2)/(6 + 0)*(-57 - -36). What is the highest common factor of z and 301?
7
Let k be 0/2 - (0 - -57). Let m = k + 192. Let l = -11 - -65. Calculate the greatest common factor of l and m.
27
Suppose 11*f - 3*f - 16 = 0. Suppose -5*b - o + 103 = 0, 0 = -2*b - 0*o - f*o + 46. Let h be (-405)/6*(-16)/6. What is the highest common divisor of b and h?
20
Suppose -t + 21 = -4. Let a be 25/((-1)/5 - (-96)/330). What is the greatest common factor of t and a?
25
Let n(v) = -v**2 - 53*v - 174. Let i be n(-49). Let x(d) = 21*d + 3. Let k be x(3). Calculate the greatest common factor of i and k.
22
Let t = -2 + 3. Let r(a) = -402*a. Let h be r(t). Let p = -282 - h. What is the greatest common factor of 48 and p?
24
Let d be ((-11)/4)/((-4)/(-32)*-2). Suppose -2*n = -5*y + 167, 15*n - d*n = -4. Let r = -2 - -233. Calculate the greatest common factor of y and r.
33
Suppose -11*y - 3*y = -112. Let f(n) = -4*n - 4. Let v be f(-4). Calculate the highest common divisor of v and y.
4
Let k = -1 - -5. Suppose 6*x = 4*x + k. Suppose -14 = -r + 2*c, -x*c = -3*r + 3*c + 37. What is the greatest common divisor of r and 2?
2
Suppose 2*j - 75 = -3*j - u, -75 = -5*j - 3*u. Suppose j = 9*i - 6*i. Let l be (1 - (2 - 0))*-1. Calculate the highest common factor of l and i.
1
Suppose 9 + 21 = 5*q. Suppose -q*i + 55 = -i. Suppose -5*b + i + 39 = 0. What is the highest common divisor of b and 4?
2
Let u be 28*(-5 + 1 + 3). Let l = u + 46. Suppose -4 = -2*p - 0. What is the highest common divisor of l and p?
2
Let z(w) = -w**2 - 25*w - 58. Let m be z(-21). Calculate the greatest common factor of 13 and m.
13
Let v be 8/12 + (-58)/(-3). Suppose v*o - 19*o - 1 = 0. Let h be (-9 - -6)*(1 + -2). What is the greatest common divisor of o and h?
1
Let i be 201/18 - (-4)/(-24). Let s(x) = -x**2 + 12*x - 5. Let c be s(i). Suppose -r + c = 2*r + 3*p, 9 = -3*p. Calculate the highest common divisor of r and 5.
5
Let b(u) = u + 9. Let l(s) = -4*s - 27. Let m(c) = -7*b(c) - 2*l(c). Let i be m(10). What is the highest common divisor of 8 and i?
1
Let w = 84 + -77. Let b = w - -41. Let u = 0 + 16. Calculate the highest common factor of b and u.
16
Let m(p) = 2*p**2 - 35*p + 147. Let v be m(5). What is the highest common divisor of 110 and v?
22
Let w = 83 - 31. What is the greatest common factor of w and 260?
52
Let i = 186 - 162. What is the greatest common divisor of i and 16?
8
Let m(w) = w**3 - 16*w**2 - 17*w + 2. Let i be m(17). Let z(b) = 23*b - 6. Let a be z(i). What is the highest common factor of a and 16?
8
Let j(i) = i**3 - i**2 - 2*i + 2. Let l be j(6). Suppose -6*d - l = -11*d. Calculate the highest common divisor of d and 51.
17
Suppose 20 + 32 = 4*g. Let j = 455 + -48. Suppose 0 = 4*x - 3*b - j, 0 = 3*x - 5*b - 232 - 65. What is the highest common divisor of x and g?
13
Let i = 43 + -31. Suppose -9*j + 16*j = 21. What is the greatest common factor of i and j?
3
Let c be (200/(-60))/(4/6). Let v be 3*(-12)/(-2) + 10/c. What is the greatest common divisor of v and 4?
4
Suppose a - 2*a + 90 = 0. Let s(v) = v**2 - 29*v + 130. Let l be s(24). What is the greatest common factor of a and l?
10
Suppose -13*n + 220 = -872. Calculate the highest common factor of n and 630.
42
Suppose -5*z - 5*h + 28 = 3, 0 = 2*z - 3*h - 15. Let f be (2*3)/(4 - z). Let n be (-3)/f - (3 + -100). Calculate the greatest common factor of n and 14.
14
Let o(f) = -3*f**2 - 44*f - 64. Let c be o(-11). What is the greatest common divisor of 437 and c?
19
Suppose -3*m - 84 = -4*m. Let k(t) = -t**2 + 9*t - 2. Let g be k(7). What is the greatest common factor of m and g?
12
Suppose -p = 2*p - 66. Let b = -14 - -19. Suppose b*j + 10 = 0, w + 3*j = 7*j + 30. Calculate the highest common divisor of w and p.
22
Suppose -r - 4 = 0, 4*l + 0*l - 2*r = 1524. Suppose -3*y - 34 = -l. Calculate the greatest common factor of 23 and y.
23
Suppose 3*x = 13*x - 1120. Suppose -r + 15 - 2 = z, -2*z - 5*r + 23 = 0. Calculate the greatest common divisor of x and z.
14
Let r(i) = 128*i - 2. Let l be r(1). Let u(b) = b**2 - 5*b - 18. Let q be u(-4). What is the highest common factor of q and l?
18
Suppose 3*z - 1292 = z + 4*n, 0 = -z + 3*n + 641. Calculate the greatest common factor of z and 41.
41
Suppose 7*v - 4*v - 3*r - 2400 = 0, -5*r - 3201 = -4*v. What is the highest common divisor of v and 47?
47
Let o be 4/6*(-459)/(-2). Calculate the highest common divisor of o and 85.
17
Suppose -8 = -3*x + x. Let a be (-8 + x)/(-1)*1. Calculate the highest common divisor of 4 and a.
4
Suppose 189 = 4*y - 123. Calculate the greatest common factor of 130 and y.
26
Suppose -4*o + 5*k = -124, -7*o + 2*o = k - 184. Let z be ((-19)/7 + 1)*-7. Calculate the highest common divisor of z and o.
12
Suppose 3*t - 315 = -2*t. Suppose -45 - t = -3*y. Suppose -3*m + y + 48 = 0. Calculate the greatest common factor of 7 and m.
7
Let u be (110/(-8))/((-1)/12). Let m be 59 + -2 + -3 + 4. Let x = m - 25. Calculate the greatest common factor of x and u.
33
Let o(h) = -h**2 - 7*h - 6. Let w be o(-4). Suppose -a - w = -16. Let v = a - -10. What is the greatest common factor of v and 5?
5
Let x(z) = -2*z + 7. Let i(k) = -3*k + 15. Let h(b) = 3*i(b) - 7*x(b). Suppose 42*l - 40*l = 8. Let w be h(l). Calculate the highest common factor of 16 and w.
16
Let c(v) = -v**3 + 9*v**2 - 15*v + 7. Let t be c(6). What is the highest common factor of 100 and t?
25
Let j(d) = d**3 - 26*d**2 + 68*d + 27. Let t be j(23). What is the greatest common divisor of t and 5?
1
Suppose 4*m - 80 = 5*u, u - 21*m + 19*m = -10. Suppose -4*w - 4 - 4 = 0. Let c be ((-5)/(-5))/(w/u). What is the greatest common factor of 5 and c?
5
Let g(p) = -3*p - 20. Let v be g(-8). Let f be v*3/((-12)/(-14)). Suppose -46 + 8 = -3*i - 5*t, i - 5*t = -f. Calculate the greatest common divisor of 9 and i.
3
Suppose 5*z = -5, j + z = -2*j + 4913. Let x be (0 - -1)/(18/j). What is the highest common divisor of 13 and x?
13
Let n = 10 - 0. Let l(b) = 4*b + 0*b - b**2 + 6*b - 10. Let z be l(5). What is the greatest common factor of n and z?
5
Suppose -x = -5*s + 17, -s + 13 = -5*x - 0. Suppose -13*w + 17*w = 2*y - 60, -3*y + 90 = -s*w. What is the greatest common factor of y and 90?
30
Suppose 156 = -128*k + 122*k. Let h be (-9 - -8)/(2/k). Calculate the highest common divisor of 65 and h.
13
Let q be (-8 + 13)*-1 + (-148)/(-2). What is the highest common factor of q and 483?
69
Let s(f) = f**2 - 17*f + 61. Let g be s(14). What is the highest common factor of 209 and g?
19
Let l be (3/9)/((-2)/(-138)).